{"id":123,"date":"2025-12-15T16:47:12","date_gmt":"2025-12-15T16:47:12","guid":{"rendered":"https:\/\/comex-dies.com\/?page_id=123"},"modified":"2025-12-15T16:52:41","modified_gmt":"2025-12-15T16:52:41","slug":"directorio","status":"publish","type":"page","link":"https:\/\/comex-dies.com\/index.php\/directorio\/","title":{"rendered":"Directorio"},"content":{"rendered":"\t\t<div data-elementor-type=\"wp-post\" data-elementor-id=\"123\" class=\"elementor elementor-123\">\n\t\t\t\t<div class=\"elementor-element elementor-element-f8e6714 e-flex e-con-boxed e-con e-parent\" data-id=\"f8e6714\" data-element_type=\"container\" data-settings=\"{&quot;background_background&quot;:&quot;gradient&quot;}\">\n\t\t\t\t\t<div class=\"e-con-inner\">\n\t\t<div class=\"elementor-element elementor-element-ef13e5b e-con-full e-flex e-con e-child\" data-id=\"ef13e5b\" data-element_type=\"container\">\n\t\t\t\t<div class=\"elementor-element elementor-element-cf74a05 elementor-widget elementor-widget-spacer\" data-id=\"cf74a05\" data-element_type=\"widget\" data-widget_type=\"spacer.default\">\n\t\t\t\t\t\t\t<div class=\"elementor-spacer\">\n\t\t\t<div class=\"elementor-spacer-inner\"><\/div>\n\t\t<\/div>\n\t\t\t\t\t\t<\/div>\n\t\t\t\t<div class=\"elementor-element elementor-element-bbca156 elementor-widget elementor-widget-heading\" data-id=\"bbca156\" data-element_type=\"widget\" data-widget_type=\"heading.default\">\n\t\t\t\t\t<h2 class=\"elementor-heading-title elementor-size-default\">Equipos RRT de Respuesta Inmediata<\/h2>\t\t\t\t<\/div>\n\t\t\t\t<div class=\"elementor-element elementor-element-972b2f1 elementor-widget elementor-widget-heading\" data-id=\"972b2f1\" data-element_type=\"widget\" data-widget_type=\"heading.default\">\n\t\t\t\t\t<h2 class=\"elementor-heading-title elementor-size-default\">C\u00c9LULAS DIVISIONALES<\/h2>\t\t\t\t<\/div>\n\t\t\t\t<div class=\"elementor-element elementor-element-225c95b elementor-widget-divider--view-line elementor-widget elementor-widget-divider\" data-id=\"225c95b\" data-element_type=\"widget\" data-widget_type=\"divider.default\">\n\t\t\t\t\t\t\t<div class=\"elementor-divider\">\n\t\t\t<span class=\"elementor-divider-separator\">\n\t\t\t\t\t\t<\/span>\n\t\t<\/div>\n\t\t\t\t\t\t<\/div>\n\t\t\t\t<div class=\"elementor-element elementor-element-78571b1 elementor-widget elementor-widget-heading\" data-id=\"78571b1\" data-element_type=\"widget\" data-widget_type=\"heading.default\">\n\t\t\t\t\t<h2 class=\"elementor-heading-title elementor-size-default\">Da clic sobre la regi\u00f3n a ver<\/h2>\t\t\t\t<\/div>\n\t\t\t\t<\/div>\n\t\t<div class=\"elementor-element elementor-element-9aa3071 e-con-full e-flex e-con e-child\" data-id=\"9aa3071\" data-element_type=\"container\">\n\t\t\t\t<div class=\"elementor-element elementor-element-3b08ae2 elementor-widget elementor-widget-spacer\" data-id=\"3b08ae2\" data-element_type=\"widget\" data-widget_type=\"spacer.default\">\n\t\t\t\t\t\t\t<div class=\"elementor-spacer\">\n\t\t\t<div class=\"elementor-spacer-inner\"><\/div>\n\t\t<\/div>\n\t\t\t\t\t\t<\/div>\n\t\t\t\t<div class=\"elementor-element elementor-element-344a157 elementor-widget elementor-widget-image\" data-id=\"344a157\" data-element_type=\"widget\" data-widget_type=\"image.default\">\n\t\t\t\t\t\t\t\t\t\t\t\t\t\t\t<img fetchpriority=\"high\" decoding=\"async\" width=\"1002\" height=\"550\" src=\"https:\/\/comex-dies.com\/wp-content\/uploads\/2025\/12\/dies-blanco.png\" class=\"attachment-large size-large wp-image-24\" alt=\"\" srcset=\"https:\/\/comex-dies.com\/wp-content\/uploads\/2025\/12\/dies-blanco.png 1002w, https:\/\/comex-dies.com\/wp-content\/uploads\/2025\/12\/dies-blanco-300x165.png 300w, https:\/\/comex-dies.com\/wp-content\/uploads\/2025\/12\/dies-blanco-768x422.png 768w\" sizes=\"(max-width: 1002px) 100vw, 1002px\" \/>\t\t\t\t\t\t\t\t\t\t\t\t\t\t\t<\/div>\n\t\t\t\t<\/div>\n\t\t\t\t\t<\/div>\n\t\t\t\t<\/div>\n\t\t<div class=\"elementor-element elementor-element-5a75e24 e-flex e-con-boxed e-con e-parent\" data-id=\"5a75e24\" data-element_type=\"container\" data-settings=\"{&quot;background_background&quot;:&quot;gradient&quot;}\">\n\t\t\t\t\t<div class=\"e-con-inner\">\n\t\t<div class=\"elementor-element elementor-element-e19f2d7 e-con-full e-flex e-con e-child\" data-id=\"e19f2d7\" data-element_type=\"container\">\n\t\t\t\t<div class=\"elementor-element elementor-element-379608f elementor-widget elementor-widget-spacer\" data-id=\"379608f\" data-element_type=\"widget\" data-widget_type=\"spacer.default\">\n\t\t\t\t\t\t\t<div class=\"elementor-spacer\">\n\t\t\t<div class=\"elementor-spacer-inner\"><\/div>\n\t\t<\/div>\n\t\t\t\t\t\t<\/div>\n\t\t\t\t<div class=\"elementor-element elementor-element-6974d4e elementor-widget elementor-widget-image\" data-id=\"6974d4e\" data-element_type=\"widget\" data-widget_type=\"image.default\">\n\t\t\t\t\t\t\t\t\t\t\t\t\t\t\t\t<a href=\"https:\/\/comex-dies.com\/index.php\/fronterapacifico\">\n\t\t\t\t\t\t\t<img decoding=\"async\" width=\"200\" height=\"43\" src=\"https:\/\/comex-dies.com\/wp-content\/uploads\/2025\/12\/215571-P0MS6J-368-02-1.png\" class=\"elementor-animation-pop attachment-large size-large wp-image-37\" alt=\"\" \/>\t\t\t\t\t\t\t\t<\/a>\n\t\t\t\t\t\t\t\t\t\t\t\t\t\t\t<\/div>\n\t\t\t\t<div class=\"elementor-element elementor-element-3ffdd15 elementor-widget elementor-widget-image\" data-id=\"3ffdd15\" data-element_type=\"widget\" data-widget_type=\"image.default\">\n\t\t\t\t\t\t\t\t\t\t\t\t\t\t\t\t<a href=\"https:\/\/comex-dies.com\/index.php\/occidentebajio\">\n\t\t\t\t\t\t\t<img decoding=\"async\" width=\"200\" height=\"41\" src=\"https:\/\/comex-dies.com\/wp-content\/uploads\/2025\/12\/215571-P0MS6J-368-03-1.png\" class=\"elementor-animation-pop attachment-large size-large wp-image-38\" alt=\"\" \/>\t\t\t\t\t\t\t\t<\/a>\n\t\t\t\t\t\t\t\t\t\t\t\t\t\t\t<\/div>\n\t\t\t\t<div class=\"elementor-element elementor-element-7200aa0 elementor-widget elementor-widget-image\" data-id=\"7200aa0\" data-element_type=\"widget\" data-widget_type=\"image.default\">\n\t\t\t\t\t\t\t\t\t\t\t\t\t\t\t\t<a href=\"https:\/\/comex-dies.com\/index.php\/metrosur\">\n\t\t\t\t\t\t\t<img loading=\"lazy\" decoding=\"async\" width=\"200\" height=\"42\" src=\"https:\/\/comex-dies.com\/wp-content\/uploads\/2025\/12\/215571-P0MS6J-368-06-1.png\" class=\"elementor-animation-pop attachment-large size-large wp-image-41\" alt=\"\" \/>\t\t\t\t\t\t\t\t<\/a>\n\t\t\t\t\t\t\t\t\t\t\t\t\t\t\t<\/div>\n\t\t\t\t<div class=\"elementor-element elementor-element-56e7117 elementor-widget elementor-widget-spacer\" data-id=\"56e7117\" data-element_type=\"widget\" data-widget_type=\"spacer.default\">\n\t\t\t\t\t\t\t<div class=\"elementor-spacer\">\n\t\t\t<div class=\"elementor-spacer-inner\"><\/div>\n\t\t<\/div>\n\t\t\t\t\t\t<\/div>\n\t\t\t\t<\/div>\n\t\t<div class=\"elementor-element elementor-element-2ca1c72 e-con-full e-flex e-con e-child\" data-id=\"2ca1c72\" data-element_type=\"container\">\n\t\t\t\t<div class=\"elementor-element elementor-element-059aca6 elementor-widget__width-initial elementor-widget elementor-widget-image\" data-id=\"059aca6\" data-element_type=\"widget\" data-widget_type=\"image.default\">\n\t\t\t\t\t\t\t\t\t\t\t\t\t\t\t<img loading=\"lazy\" decoding=\"async\" width=\"456\" height=\"319\" src=\"https:\/\/comex-dies.com\/wp-content\/uploads\/2025\/12\/215571-P0MS6J-368-1.png\" class=\"attachment-large size-large wp-image-126\" alt=\"\" srcset=\"https:\/\/comex-dies.com\/wp-content\/uploads\/2025\/12\/215571-P0MS6J-368-1.png 456w, https:\/\/comex-dies.com\/wp-content\/uploads\/2025\/12\/215571-P0MS6J-368-1-300x210.png 300w\" sizes=\"(max-width: 456px) 100vw, 456px\" \/>\t\t\t\t\t\t\t\t\t\t\t\t\t\t\t<\/div>\n\t\t\t\t<\/div>\n\t\t<div class=\"elementor-element elementor-element-314289f e-con-full e-flex e-con e-child\" data-id=\"314289f\" data-element_type=\"container\">\n\t\t\t\t<div class=\"elementor-element elementor-element-ca2d03a elementor-widget elementor-widget-spacer\" data-id=\"ca2d03a\" data-element_type=\"widget\" data-widget_type=\"spacer.default\">\n\t\t\t\t\t\t\t<div class=\"elementor-spacer\">\n\t\t\t<div class=\"elementor-spacer-inner\"><\/div>\n\t\t<\/div>\n\t\t\t\t\t\t<\/div>\n\t\t\t\t<div class=\"elementor-element elementor-element-1d13436 elementor-widget elementor-widget-image\" data-id=\"1d13436\" data-element_type=\"widget\" data-widget_type=\"image.default\">\n\t\t\t\t\t\t\t\t\t\t\t\t\t\t\t\t<a href=\"https:\/\/comex-dies.com\/index.php\/norte\">\n\t\t\t\t\t\t\t<img loading=\"lazy\" decoding=\"async\" width=\"200\" height=\"44\" src=\"https:\/\/comex-dies.com\/wp-content\/uploads\/2025\/12\/215571-P0MS6J-368-04-2.png\" class=\"elementor-animation-pop attachment-large size-large wp-image-39\" alt=\"\" \/>\t\t\t\t\t\t\t\t<\/a>\n\t\t\t\t\t\t\t\t\t\t\t\t\t\t\t<\/div>\n\t\t\t\t<div class=\"elementor-element elementor-element-37c10fd elementor-widget elementor-widget-image\" data-id=\"37c10fd\" data-element_type=\"widget\" data-widget_type=\"image.default\">\n\t\t\t\t\t\t\t\t\t\t\t\t\t\t\t\t<a href=\"https:\/\/comex-dies.com\/index.php\/metrovalle\">\n\t\t\t\t\t\t\t<img loading=\"lazy\" decoding=\"async\" width=\"200\" height=\"42\" src=\"https:\/\/comex-dies.com\/wp-content\/uploads\/2025\/12\/215571-P0MS6J-368-05-2.png\" class=\"elementor-animation-pop attachment-large size-large wp-image-40\" alt=\"\" \/>\t\t\t\t\t\t\t\t<\/a>\n\t\t\t\t\t\t\t\t\t\t\t\t\t\t\t<\/div>\n\t\t\t\t<div class=\"elementor-element elementor-element-355f558 elementor-widget elementor-widget-image\" data-id=\"355f558\" data-element_type=\"widget\" data-widget_type=\"image.default\">\n\t\t\t\t\t\t\t\t\t\t\t\t\t\t\t\t<a href=\"https:\/\/comex-dies.com\/index.php\/sureste\">\n\t\t\t\t\t\t\t<img loading=\"lazy\" decoding=\"async\" width=\"200\" height=\"42\" src=\"https:\/\/comex-dies.com\/wp-content\/uploads\/2025\/12\/215571-P0MS6J-368-07-2.png\" class=\"elementor-animation-pop attachment-large size-large wp-image-42\" alt=\"\" \/>\t\t\t\t\t\t\t\t<\/a>\n\t\t\t\t\t\t\t\t\t\t\t\t\t\t\t<\/div>\n\t\t\t\t<div class=\"elementor-element elementor-element-6d1fc94 elementor-widget elementor-widget-spacer\" data-id=\"6d1fc94\" data-element_type=\"widget\" data-widget_type=\"spacer.default\">\n\t\t\t\t\t\t\t<div class=\"elementor-spacer\">\n\t\t\t<div class=\"elementor-spacer-inner\"><\/div>\n\t\t<\/div>\n\t\t\t\t\t\t<\/div>\n\t\t\t\t<\/div>\n\t\t\t\t\t<\/div>\n\t\t\t\t<\/div>\n\t\t<div class=\"elementor-element elementor-element-ba272dc e-flex e-con-boxed e-con e-parent\" data-id=\"ba272dc\" data-element_type=\"container\" data-settings=\"{&quot;background_background&quot;:&quot;classic&quot;}\">\n\t\t\t\t\t<div class=\"e-con-inner\">\n\t\t<div class=\"elementor-element elementor-element-d93652b e-con-full e-flex e-con e-child\" data-id=\"d93652b\" data-element_type=\"container\">\n\t\t\t\t<div class=\"elementor-element elementor-element-dcff1ce elementor-widget elementor-widget-image\" data-id=\"dcff1ce\" data-element_type=\"widget\" data-widget_type=\"image.default\">\n\t\t\t\t\t\t\t\t\t\t\t\t\t\t\t<img loading=\"lazy\" decoding=\"async\" width=\"1024\" height=\"246\" src=\"https:\/\/comex-dies.com\/wp-content\/uploads\/2025\/12\/Comex-blanco-1024x246.png\" class=\"attachment-large size-large wp-image-55\" alt=\"\" srcset=\"https:\/\/comex-dies.com\/wp-content\/uploads\/2025\/12\/Comex-blanco-1024x246.png 1024w, https:\/\/comex-dies.com\/wp-content\/uploads\/2025\/12\/Comex-blanco-300x72.png 300w, https:\/\/comex-dies.com\/wp-content\/uploads\/2025\/12\/Comex-blanco-768x185.png 768w, https:\/\/comex-dies.com\/wp-content\/uploads\/2025\/12\/Comex-blanco-1536x369.png 1536w, https:\/\/comex-dies.com\/wp-content\/uploads\/2025\/12\/Comex-blanco-2048x492.png 2048w\" sizes=\"(max-width: 1024px) 100vw, 1024px\" \/>\t\t\t\t\t\t\t\t\t\t\t\t\t\t\t<\/div>\n\t\t\t\t<\/div>\n\t\t<div class=\"elementor-element elementor-element-1a5e04f e-con-full e-flex e-con e-child\" data-id=\"1a5e04f\" data-element_type=\"container\">\n\t\t\t\t<div class=\"elementor-element elementor-element-c0e8dbe elementor-widget elementor-widget-spacer\" data-id=\"c0e8dbe\" data-element_type=\"widget\" data-widget_type=\"spacer.default\">\n\t\t\t\t\t\t\t<div class=\"elementor-spacer\">\n\t\t\t<div class=\"elementor-spacer-inner\"><\/div>\n\t\t<\/div>\n\t\t\t\t\t\t<\/div>\n\t\t\t\t<\/div>\n\t\t\t\t\t<\/div>\n\t\t\t\t<\/div>\n\t\t<div class=\"elementor-element elementor-element-c4a5bb8 e-flex e-con-boxed e-con e-parent\" data-id=\"c4a5bb8\" data-element_type=\"container\" data-settings=\"{&quot;background_background&quot;:&quot;classic&quot;}\">\n\t\t\t\t\t<div class=\"e-con-inner\">\n\t\t<div class=\"elementor-element elementor-element-ab94034 e-con-full e-flex e-con e-child\" data-id=\"ab94034\" data-element_type=\"container\">\n\t\t\t\t<div class=\"elementor-element elementor-element-cfc989b elementor-widget elementor-widget-heading\" data-id=\"cfc989b\" data-element_type=\"widget\" data-widget_type=\"heading.default\">\n\t\t\t\t\t<h2 class=\"elementor-heading-title elementor-size-default\">Aviso de Privacidad<\/h2>\t\t\t\t<\/div>\n\t\t\t\t<\/div>\n\t\t<div class=\"elementor-element elementor-element-01fa8ad e-con-full e-flex e-con e-child\" data-id=\"01fa8ad\" data-element_type=\"container\">\n\t\t\t\t<div class=\"elementor-element elementor-element-2788b58 elementor-widget elementor-widget-heading\" data-id=\"2788b58\" data-element_type=\"widget\" data-widget_type=\"heading.default\">\n\t\t\t\t\t<h2 class=\"elementor-heading-title elementor-size-default\">T\u00e9rminos y Condiciones<\/h2>\t\t\t\t<\/div>\n\t\t\t\t<\/div>\n\t\t<div class=\"elementor-element elementor-element-9e901c6 e-con-full e-flex e-con e-child\" data-id=\"9e901c6\" data-element_type=\"container\">\n\t\t\t\t<div class=\"elementor-element elementor-element-fe214d2 elementor-widget elementor-widget-spacer\" data-id=\"fe214d2\" data-element_type=\"widget\" data-widget_type=\"spacer.default\">\n\t\t\t\t\t\t\t<div class=\"elementor-spacer\">\n\t\t\t<div class=\"elementor-spacer-inner\"><\/div>\n\t\t<\/div>\n\t\t\t\t\t\t<\/div>\n\t\t\t\t<\/div>\n\t\t<div class=\"elementor-element elementor-element-afde166 e-con-full e-flex e-con e-child\" data-id=\"afde166\" data-element_type=\"container\">\n\t\t\t\t<div class=\"elementor-element elementor-element-064bd46 elementor-widget elementor-widget-image\" data-id=\"064bd46\" data-element_type=\"widget\" data-widget_type=\"image.default\">\n\t\t\t\t\t\t\t\t\t\t\t\t\t\t\t<img loading=\"lazy\" decoding=\"async\" width=\"1024\" height=\"795\" src=\"https:\/\/comex-dies.com\/wp-content\/uploads\/2025\/12\/PPG_Logo.svg_-1024x795.png\" class=\"attachment-large size-large wp-image-25\" alt=\"\" srcset=\"https:\/\/comex-dies.com\/wp-content\/uploads\/2025\/12\/PPG_Logo.svg_-1024x795.png 1024w, https:\/\/comex-dies.com\/wp-content\/uploads\/2025\/12\/PPG_Logo.svg_-300x233.png 300w, https:\/\/comex-dies.com\/wp-content\/uploads\/2025\/12\/PPG_Logo.svg_-768x596.png 768w, https:\/\/comex-dies.com\/wp-content\/uploads\/2025\/12\/PPG_Logo.svg_.png 1280w\" sizes=\"(max-width: 1024px) 100vw, 1024px\" \/>\t\t\t\t\t\t\t\t\t\t\t\t\t\t\t<\/div>\n\t\t\t\t<\/div>\n\t\t\t\t\t<\/div>\n\t\t\t\t<\/div>\n\t\t\t\t<\/div>\n\t\t","protected":false},"excerpt":{"rendered":"<p>Equipos RRT de Respuesta Inmediata C\u00c9LULAS DIVISIONALES Da clic sobre la regi\u00f3n a ver Aviso de Privacidad T\u00e9rminos y Condiciones<\/p>\n","protected":false},"author":1,"featured_media":0,"parent":0,"menu_order":0,"comment_status":"closed","ping_status":"closed","template":"elementor_canvas","meta":{"footnotes":""},"class_list":["post-123","page","type-page","status-publish","hentry"],"_links":{"self":[{"href":"https:\/\/comex-dies.com\/index.php\/wp-json\/wp\/v2\/pages\/123","targetHints":{"allow":["GET"]}}],"collection":[{"href":"https:\/\/comex-dies.com\/index.php\/wp-json\/wp\/v2\/pages"}],"about":[{"href":"https:\/\/comex-dies.com\/index.php\/wp-json\/wp\/v2\/types\/page"}],"author":[{"embeddable":true,"href":"https:\/\/comex-dies.com\/index.php\/wp-json\/wp\/v2\/users\/1"}],"replies":[{"embeddable":true,"href":"https:\/\/comex-dies.com\/index.php\/wp-json\/wp\/v2\/comments?post=123"}],"version-history":[{"count":4,"href":"https:\/\/comex-dies.com\/index.php\/wp-json\/wp\/v2\/pages\/123\/revisions"}],"predecessor-version":[{"id":129,"href":"https:\/\/comex-dies.com\/index.php\/wp-json\/wp\/v2\/pages\/123\/revisions\/129"}],"wp:attachment":[{"href":"https:\/\/comex-dies.com\/index.php\/wp-json\/wp\/v2\/media?parent=123"}],"curies":[{"name":"wp","href":"https:\/\/api.w.org\/{rel}","templated":true}]}}